s of k?
3, 1109
Suppose 0 = -6*h - 178 + 70. Let c be ((-150)/(-4))/1 + (-9)/h. Suppose 39*y = c*y + 111. What are the prime factors of y?
3, 37
Suppose -r - 5*p + 22038 = 0, 611*r - 4*p - 110277 = 606*r. List the prime factors of r.
3, 7351
Let m(w) = 21*w - 2. Let i be m(0). Let z(j) = -69*j + 53. List the prime factors of z(i).
191
Let l be 54/(-7) + 3*4/(-42). Let c(z) = z**3 + 9*z**2 + 10*z + 6. Let y be c(l). What are the prime factors of 8/(-20) + (-594)/y?
59
Suppose 4*k + 2458 - 8538 = 4*b, -6125 = -4*k - 5*b. List the prime factors of k.
5, 61
Let t = 374 + -632. Let s = 564 + t. What are the prime factors of s?
2, 3, 17
Let d(s) = -864*s + 6119. What are the prime factors of d(-57)?
13, 4259
Let a(d) = 70*d + 328. List the prime factors of a(16).
2, 181
Let c be ((-40)/6)/(-5 - (-1398)/279). Let i = -596 - c. List the prime factors of i.
2, 3
Suppose 6*a - 24 = -0*a. Suppose -5*x = -a*p + 31 - 3, 5*p - 22 = 3*x. What are the prime factors of 1336/(-24)*(-6)/p?
167
Let w be 27*1/3 - (1 - 0). Suppose -3*y = -14 + w. List the prime factors of ((-8)/(-4))/(y/29).
29
Suppose -120*s + 125*s - 219335 = -3*z, 0 = -4*s + z + 175485. List the prime factors of s.
2, 5, 41, 107
Suppose 4*h - 2*w = -3*w + 18, 2*h - 18 = 4*w. Let o(j) = -25*j + 3. Let x(f) = -25*f + 3. Let d(q) = -3*o(q) + 2*x(q). List the prime factors of d(h).
2, 61
Let h = 675 + 3031. What are the prime factors of h?
2, 17, 109
Let s(u) = 71*u**2 + 8. Let f be s(4). Suppose 4*b - f = -64. Suppose -3*i = -3*l + b, i = -3*l + 4 + 266. What are the prime factors of l?
2, 3, 5
List the prime factors of 238194/4*(-2)/(-7) - (-1872)/(-2184).
3, 53, 107
Let x = -88 + 67. Let u = x - -453. What are the prime factors of u?
2, 3
Let c(p) = 1289*p**2 - 10*p. List the prime factors of c(1).
1279
Let c be (0 - -2)*(-1737)/(-18). Let i = 520 - c. List the prime factors of i.
3, 109
Let l(p) = 8*p**3 + 3*p**2 + 8*p + 7. Let d(f) = -23*f**3 - 8*f**2 - 25*f - 22. Let n(i) = -6*d(i) - 17*l(i). What are the prime factors of n(7)?
2, 5, 13
Let f = -16143 - -58966. What are the prime factors of f?
11, 17, 229
Suppose 4*j + 5*u - 9007 = 521, -5*j - 3*u = -11923. What are the prime factors of j?
7, 11, 31
Let z(n) = 16*n**2 - 11*n - 39. Let h(p) = 3*p**2 - 2*p - 8. Let t(w) = 4*w - 22. Let r be t(5). Let g(l) = r*z(l) + 11*h(l). List the prime factors of g(5).
3, 5
Let l be (-2*2)/1*(-30)/40. Suppose -5 = v - 5*v - 3*g, 3*g + 30 = l*v. Suppose -4*j = v*a - 18, 4*a + 4*j - 9 - 3 = 0. List the prime factors of a.
2, 3
Suppose -294*u + 291*u = -o + 14757, 3*u = -3*o + 44331. List the prime factors of o.
2, 3, 1231
List the prime factors of 41473748/2041 + (-8)/26.
2, 5, 127
Let j(n) = -67*n - 328. What are the prime factors of j(-61)?
3, 7, 179
Suppose -1 = -5*s + 4*s, -7*s + 2849 = o. List the prime factors of o.
2, 7, 29
Let r = -318 - -316. List the prime factors of 1 + 705/25 + r/10.
29
Suppose -5*k = z - 1055, -2*k + 8969 = 5*z + 3786. Suppose 4*r - 465 = z. List the prime factors of r.
3, 5
Let m(a) be the first derivative of 2*a**3/3 - 17*a**2/2 - 24*a - 26. Let q be m(-11). Suppose 5*k = -25 + q. What are the prime factors of k?
2, 19
Suppose 0 = -62*b + 85*b + 12167. Let w = -418 - b. What are the prime factors of w?
3, 37
Let d(h) = -17*h + 8. Let r be d(4). Let q = r - -74. Let k(v) = v + 18. What are the prime factors of k(q)?
2
Let w = -31 + 11. Let z = w - -22. What are the prime factors of (6 + -2 - 2)*z?
2
Let x = 1286 + -818. Let y be ((-12)/(-10))/(2 - 28/15). Suppose 0 = -12*a + y*a + x. List the prime factors of a.
2, 3, 13
List the prime factors of ((-12)/5)/(47/(7154340/(-24))).
2, 3, 43, 59
Let c(n) be the first derivative of -34 + 2/3*n**3 + 11/2*n**4 - 2*n + 1/2*n**2. What are the prime factors of c(2)?
2, 23
Suppose 3*d + 17*d - 647216 = d. What are the prime factors of d?
2, 2129
Let j(c) = 3244*c**2 - 109*c - 316. List the prime factors of j(-3).
29207
Suppose -b = 5*d - 26038, 2*b + 11 = 7. List the prime factors of d.
2, 3, 7, 31
Let f(d) = d**3 - 2*d**2 - 24*d + 61. Let s be f(16). Suppose -1675 = -8*m + s. What are the prime factors of m?
617
Suppose -4*g = -2*g + 136. Let s = g - -883. List the prime factors of s.
5, 163
Let g = -305 + 1030. Let t = g + -406. What are the prime factors of t?
11, 29
Let l(a) = 49*a + 31. Let t be l(5). Let y = 463 - t. What are the prime factors of y?
11, 17
Let l = 3460 + -1891. What are the prime factors of l?
3, 523
Suppose 182*h - 51*h = 5504882. List the prime factors of h.
2, 21011
Suppose 53*w - 51*w = 2*f - 2744, 3*f - 4112 = 4*w. List the prime factors of f.
2, 43
Let l(s) = 3*s**3 - 30*s**2 + 7*s - 55. List the prime factors of l(20).
5, 2417
Suppose -15*i - 211325 = -94*i. What are the prime factors of i?
5, 107
Let u = 46344 - 17527. List the prime factors of u.
28817
Let v be 4*(-3 + 4) - 0/14. Suppose p = n - 3*n + 1158, 5*n + v*p = 2895. What are the prime factors of n?
3, 193
Suppose -675 = 10*h - 195. What are the prime factors of (-16)/6*2232/h?
2, 31
Let f = 33 - 11. Suppose -5*y + 25 = 2*w - w, 2*w + 3*y = f. Suppose -w*z + 7 = 2*u - 121, 187 = 3*u + 5*z. What are the prime factors of u?
59
Suppose 28*p + l = 30*p - 93, 2*l - 78 = -2*p. Suppose -3*t = -2*q + 2088, -3*q - p*t + 3125 = -45*t. List the prime factors of q.
3, 347
Let w(s) = 11 - 16*s + 4 - 5 - s**2 + 0. Let x be (3/(-2))/(1/6). What are the prime factors of w(x)?
73
Suppose -25*b = -18*b - 35. Suppose -b*r + 0*r + 5*c + 835 = 0, -2*c - 6 = 0. What are the prime factors of r?
2, 41
Let l(n) = -448*n + 2227. List the prime factors of l(-53).
3, 11, 787
Let v(o) = -o**3 - 7*o**2 - 8*o - 26. Suppose 0 = 10*m - 4*m + 36. Let d be v(m). List the prime factors of d/(-49) + (-1564)/(-14).
2, 7
Let c be (-371267)/(-39) - (-3 + (-16)/(-6)). Suppose 88*w = 102*w - c. List the prime factors of w.
2, 5, 17
Suppose -5865*a + 5860*a = 4*r - 96056, -2*r + a = -48028. List the prime factors of r.
2, 12007
List the prime factors of 467608/14 + 950/665.
2, 3, 19, 293
Let s be 8*17/(8 - 7). Let b = -437 + 707. Let w = b - s. List the prime factors of w.
2, 67
Let p(z) = 38*z - 5. Let q be p(2). Suppose -q - 14 = 5*w. Let u = 5 - w. List the prime factors of u.
2, 11
Let u = -25186 - -52808. What are the prime factors of u?
2, 7, 1973
Let p(c) be the first derivative of -c**3/3 - 6*c**2 - 29*c - 9. Let t be p(-5). List the prime factors of t/12*2*31.
31
Let p(r) = 6*r**2 + 12*r - 12 - 22*r + 5*r. Let a(f) = -6*f**2 + 4*f + 13. Let h(k) = 2*a(k) + 3*p(k). What are the prime factors of h(-4)?
2, 3, 19
Suppose 4*x - 1237 = -3*q - 144, q = -2*x + 365. What are the prime factors of q?
3, 11
Suppose -4*d + 2*w + 16 = 0, d + 18*w - 1 = 17*w. Suppose -d*n + j + 0*j = -197, j + 132 = 2*n. List the prime factors of n.
5, 13
Let j = -62 - -66. Suppose 0 = -j*h + 8*h - 20. Suppose -h*q = -118 - 22. List the prime factors of q.
2, 7
Let m(c) = -c**3 + 4*c**2 + 4. Let t be m(0). Suppose w - 5*p - 349 = 0, -t*p - 191 - 519 = -2*w. List the prime factors of w.
359
Let k = 8 + -4. Suppose 195 = k*o - 49. Suppose 50 = 3*n - o. What are the prime factors of n?
37
Let g(n) = -n**3 - 5*n**2 + 285*n + 11. List the prime factors of g(-36).
29927
Let o be (80/32)/(3/(-774) - 0). Let c = o + 1167. What are the prime factors of c?
2, 3, 29
Suppose 5*q + 6 = -x + 4*x, x + 4*q = 2. Let a be x*2 - 35/10*-62. Let g = -84 + a. List the prime factors of g.
137
Suppose -6*k + 2*k = 2*s, s + k = 1. Suppose 0 = -o + 5, -3*o = -4*n + s*n + 667. List the prime factors of n.
11, 31
Let h = -118 + 123. Suppose 0*k = -h*u + 2*k + 4507, k = 3*u - 2705. What are the prime factors of u?
3, 7, 43
Suppose -3566*y + 225460 = 3*d - 3562*y, 3*d - 225476 = -2*y. What are the prime factors of d?
2, 19, 23, 43
Let g be (-1)/((-8 + 4 - -3)/3). Suppose 0 = 4*w - g*n - 499, -3*w = 2*n - 473 + 120. What are the prime factors of w?
11
Suppose 4*b = 20, 3*b - 77 = 3*h - 95. Suppose 3*q - l - 912 = 0, -1216 = -4*q - h*l + 15*l. List the prime factors of q.
2, 19
Suppose c + 121 = 1124. Let r = c + -536. List the prime factors of r.
467
Let n be (-4)/(-1) + 1 - (46 - 38). Let o be 27/(1*(0 + 1)). What are the prime factors of ((-50)/n)/(18/o)?
5
Suppose -s = 5 - 2. List the prime factors of ((-9)/(-27))/(s*(-1)/3411).
379
Suppos